 100 and 900?
100
What is the highest common factor of 560 and 98?
14
Calculate the highest common factor of 222 and 24.
6
Calculate the highest common factor of 10 and 70640.
10
Calculate the greatest common divisor of 19 and 97.
1
What is the highest common factor of 1415 and 25?
5
What is the greatest common factor of 1000 and 2440?
40
What is the highest common divisor of 1611 and 9487?
179
What is the greatest common factor of 66 and 1375?
11
Calculate the greatest common divisor of 12 and 5622.
6
What is the highest common divisor of 3 and 1567?
1
Calculate the greatest common factor of 126 and 294.
42
What is the greatest common factor of 6570 and 12?
6
Calculate the greatest common factor of 9 and 330.
3
What is the greatest common divisor of 159 and 2279?
53
Calculate the highest common factor of 49 and 2401.
49
Calculate the highest common divisor of 1631 and 63.
7
Calculate the highest common factor of 41 and 1.
1
What is the highest common divisor of 24 and 3848?
8
What is the greatest common factor of 14 and 42?
14
Calculate the greatest common divisor of 3 and 618.
3
What is the greatest common factor of 3477 and 1403?
61
What is the greatest common factor of 312 and 138?
6
Calculate the highest common factor of 33 and 11.
11
What is the greatest common divisor of 624 and 48?
48
Calculate the greatest common factor of 803 and 730.
73
Calculate the greatest common divisor of 360 and 104.
8
What is the highest common divisor of 94 and 329?
47
Calculate the greatest common factor of 13 and 325.
13
Calculate the greatest common divisor of 6 and 695.
1
What is the highest common divisor of 4360 and 40?
40
What is the highest common factor of 3 and 5?
1
Calculate the greatest common factor of 38753 and 143.
143
What is the greatest common factor of 80 and 7120?
80
What is the greatest common factor of 40 and 15?
5
Calculate the greatest common divisor of 13 and 4589.
13
Calculate the greatest common divisor of 78 and 130.
26
Calculate the greatest common factor of 27 and 1269.
27
What is the highest common factor of 564 and 924?
12
Calculate the greatest common divisor of 4 and 1492.
4
What is the greatest common divisor of 26 and 52?
26
What is the greatest common divisor of 9131 and 23?
23
What is the greatest common divisor of 30 and 34110?
30
Calculate the greatest common factor of 6191 and 41.
41
Calculate the greatest common factor of 9 and 387.
9
Calculate the greatest common divisor of 66 and 154.
22
Calculate the highest common factor of 3173 and 19.
19
What is the greatest common factor of 71 and 7739?
71
What is the highest common factor of 2071 and 19?
19
What is the greatest common divisor of 10960 and 32?
16
Calculate the highest common factor of 3263 and 91.
13
What is the highest common divisor of 100 and 650?
50
What is the highest common factor of 207 and 253?
23
What is the highest common factor of 51 and 3?
3
Calculate the greatest common divisor of 10 and 395.
5
Calculate the highest common factor of 98 and 182.
14
Calculate the highest common factor of 140 and 434.
14
What is the greatest common factor of 928 and 200?
8
What is the greatest common divisor of 15 and 33?
3
What is the greatest common factor of 2 and 50?
2
Calculate the greatest common factor of 4320 and 870.
30
What is the greatest common divisor of 332 and 5146?
166
What is the highest common factor of 460 and 20?
20
What is the greatest common factor of 1673 and 2629?
239
Calculate the greatest common factor of 25 and 950.
25
Calculate the highest common factor of 29271 and 33.
33
What is the greatest common divisor of 88 and 55?
11
Calculate the greatest common factor of 384 and 216.
24
What is the greatest common factor of 60 and 21?
3
What is the greatest common divisor of 250 and 30?
10
What is the highest common divisor of 24 and 236?
4
What is the greatest common divisor of 854 and 1403?
61
What is the greatest common divisor of 118 and 59?
59
Calculate the highest common divisor of 639 and 153.
9
What is the highest common factor of 121 and 143?
11
Calculate the greatest common divisor of 628 and 4.
4
What is the greatest common divisor of 3835 and 15?
5
What is the highest common factor of 290 and 696?
58
Calculate the highest common factor of 229 and 1.
1
Calculate the highest common divisor of 1125 and 9.
9
What is the highest common divisor of 27 and 783?
27
What is the greatest common divisor of 21 and 78?
3
Calculate the highest common factor of 22 and 209.
11
Calculate the greatest common divisor of 36 and 636.
12
What is the greatest common factor of 6642 and 1066?
82
What is the highest common factor of 112 and 14672?
112
What is the greatest common divisor of 2223 and 13?
13
What is the highest common factor of 130 and 20?
10
Calculate the highest common divisor of 1888 and 59.
59
What is the greatest common factor of 108 and 3762?
18
Calculate the greatest common factor of 147 and 3297.
21
Calculate the highest common divisor of 819 and 91.
91
Calculate the highest common divisor of 420 and 140.
140
What is the highest common divisor of 30 and 1570?
10
Calculate the highest common divisor of 31642 and 26.
26
What is the highest common divisor of 495 and 105?
15
Calculate the highest common divisor of 30 and 490.
10
What is the greatest common factor of 2160 and 1116?
36
What is the highest common divisor of 1067 and 1552?
97
What is the greatest common factor of 96 and 456?
24
What is the highest common factor of 4 and 196?
4
Calculate the greatest common divisor of 444 and 18426.
222
What is the greatest common divisor of 1 and 1455?
1
What is the greatest common divisor of 8 and 1912?
8
Calculate the greatest common divisor of 14 and 6.
2
Calculate the greatest common divisor of 1 and 27.
1
Calculate the greatest common divisor of 465 and 230.
5
Calculate the highest common factor of 540 and 120.
60
Calculate the greatest common factor of 156 and 8996.
52
Calculate the greatest common factor of 481 and 13.
13
Calculate the highest common factor of 34 and 119.
17
What is the highest common factor of 42 and 3066?
42
What is the highest common factor of 42 and 231?
21
Calculate the greatest common divisor of 91 and 1664.
13
Calculate the highest common divisor of 98 and 2646.
98
Calculate the highest common divisor of 188 and 32.
4
Calculate the highest common factor of 25 and 400.
25
What is the highest common divisor of 7 and 7?
7
What is the highest common factor of 726 and 1782?
66
Calculate the greatest common divisor of 23 and 23.
23
What is the greatest common factor of 80 and 64?
16
Calculate the highest common divisor of 11 and 671.
11
What is the greatest common divisor of 96 and 264?
24
Calculate the greatest common divisor of 9 and 28953.
9
Calculate the highest common factor of 100 and 1725.
25
Calculate the greatest common divisor of 1362 and 198.
6
What is the highest common factor of 40 and 2048?
8
What is the greatest common factor of 83 and 1328?
83
What is the highest common factor of 704 and 264?
88
Calculate the highest common divisor of 10 and 190.
10
Calculate the highest common factor of 28 and 371.
7
Calculate the greatest common divisor of 130 and 208.
26
What is the greatest common divisor of 2025 and 729?
81
Calculate the greatest common factor of 923 and 13.
13
What is the greatest common factor of 18 and 468?
18
Calculate the greatest common factor of 5316 and 12.
12
What is the greatest common divisor of 200 and 520?
40
What is the greatest common divisor of 624 and 234?
78
Calculate the greatest common factor of 156 and 208.
52
What is the greatest common divisor of 553 and 79?
79
What is the highest common factor of 1680 and 56?
56
Calculate the greatest common divisor of 248 and 93.
31
Calculate the highest common divisor of 13746 and 116.
58
What is the highest common factor of 9 and 171?
9
Calculate the greatest common factor of 8 and 4232.
8
What is the greatest common factor of 882 and 567?
63
Calculate the greatest common factor of 1107 and 135.
27
Calculate the greatest common divisor of 11 and 48598.
11
Calculate the greatest common divisor of 4625 and 45.
5
Calculate the greatest common factor of 108 and 702.
54
What is the greatest common divisor of 30 and 1280?
10
Calculate the high